{"id":29,"date":"2023-08-04T20:17:44","date_gmt":"2023-08-04T18:17:44","guid":{"rendered":"https:\/\/chaletaanhetwatercom.wordpress.com\/?page_id=29"},"modified":"2025-06-22T11:57:17","modified_gmt":"2025-06-22T11:57:17","slug":"geniesen-sie-das-veluwemeer","status":"publish","type":"page","link":"https:\/\/chaletaanhetwater.com\/?page_id=29","title":{"rendered":"Genie\u00dfen Sie am Veluwemeer"},"content":{"rendered":"\n<div class=\"wp-block-group alignfull has-global-padding is-layout-constrained wp-container-core-group-is-layout-861f88c1 wp-block-group-is-layout-constrained\" style=\"margin-top:0;margin-bottom:0;padding-top:8vw;padding-right:var(--wp--preset--spacing--60);padding-bottom:8vw;padding-left:var(--wp--preset--spacing--60)\">\n<div class=\"wp-block-cover has-custom-content-position is-position-top-center\" style=\"min-height:394px;aspect-ratio:unset;\"><img loading=\"lazy\" decoding=\"async\" width=\"1600\" height=\"1200\" class=\"wp-block-cover__image-background wp-image-52\" alt=\"\" src=\"https:\/\/chaletaanhetwater.com\/wp-content\/uploads\/2023\/08\/b6040cc1-9c9e-4620-a001-559a5cbc94e2-2.jpg?w=1024\" data-object-fit=\"cover\" srcset=\"https:\/\/chaletaanhetwater.com\/wp-content\/uploads\/2023\/08\/b6040cc1-9c9e-4620-a001-559a5cbc94e2-2.jpg 1600w, https:\/\/chaletaanhetwater.com\/wp-content\/uploads\/2023\/08\/b6040cc1-9c9e-4620-a001-559a5cbc94e2-2-300x225.jpg 300w, https:\/\/chaletaanhetwater.com\/wp-content\/uploads\/2023\/08\/b6040cc1-9c9e-4620-a001-559a5cbc94e2-2-1024x768.jpg 1024w, https:\/\/chaletaanhetwater.com\/wp-content\/uploads\/2023\/08\/b6040cc1-9c9e-4620-a001-559a5cbc94e2-2-768x576.jpg 768w, https:\/\/chaletaanhetwater.com\/wp-content\/uploads\/2023\/08\/b6040cc1-9c9e-4620-a001-559a5cbc94e2-2-1536x1152.jpg 1536w\" sizes=\"auto, (max-width: 1600px) 100vw, 1600px\" \/><span aria-hidden=\"true\" class=\"wp-block-cover__background has-background-dim-0 has-background-dim\"><\/span><div class=\"wp-block-cover__inner-container is-layout-flow wp-block-cover-is-layout-flow\">\n<p class=\"has-text-align-center has-base-color has-text-color has-link-color has-large-font-size wp-elements-f7162a4f6d1068f5705c2d3bb8454fb4\">&#8220;Was f\u00fcr eine tolle Lage&#8221;<\/p>\n\n\n\n<p class=\"has-text-align-center has-large-font-size\">&#8220;Wir hatten eine sehr sch\u00f6ne Zeit&#8221;<\/p>\n\n\n\n<p class=\"has-x-small-font-size\">             .<\/p>\n\n\n\n<p class=\"has-text-align-center has-large-font-size\">&#8220;Wundersch\u00f6ne Umgebung &#8220;<\/p>\n\n\n\n<p class=\"has-text-align-center has-large-font-size\">&#8220;Wir w\u00fcrden gerne wiederkommen&#8221;<\/p>\n<\/div><\/div>\n\n\n\n<p class=\"has-text-align-left\">Unser Luxus-Chalet liegt direkt am Wasser und ist komplett ausgestattet. Hier k\u00f6nnen Sie Wassersportarten wie surfen, schwimmen und segeln aus\u00fcben. Entdecken Sie die Gegend mit dem Fahrrad oder machen Sie einen Spaziergang im Wald oder auf der Heide. Zu jeder Jahreszeit ist es hier wundersch\u00f6n und es gibt viel zu sehen und zu erleben.<\/p>\n\n\n\n<p>Das Chalet befindet sich in einem sch\u00f6nen Freizeitpark, wo es f\u00fcr Gro\u00df und Klein viel zu tun gibt. Zum Beispiel gibt es einen Padelplatz, eine Fahrradcrossstrecke und eine Bar\/Restaurant.<\/p>\n\n\n\n<p>Sie k\u00f6nnen das Chalet \u00fcber die VDB-Holiday-Website buchen, indem Sie auf die Schaltfl\u00e4che \u201eHier buchen\u201c klicken. Sie kommen dan auf der Website von VDB-Holiday. Best\u00e4tigen Sie einen bevorzugten Standort und w\u00e4hlen Sie <strong>BL05<\/strong>. Sie k\u00f6nnen dies auf der Karte angeben. Das Chalet liegt direkt am Wasser.<\/p>\n\n\n\n<figure class=\"wp-block-image\"><img loading=\"lazy\" decoding=\"async\" width=\"2698\" height=\"1342\" src=\"https:\/\/chaletaanhetwater.com\/wp-content\/uploads\/2023\/08\/schermc2adafbeelding-2023-08-04-om-20.47.28.png?w=1024\" alt=\"\" class=\"wp-image-84\" srcset=\"https:\/\/chaletaanhetwater.com\/wp-content\/uploads\/2023\/08\/schermc2adafbeelding-2023-08-04-om-20.47.28.png 2698w, https:\/\/chaletaanhetwater.com\/wp-content\/uploads\/2023\/08\/schermc2adafbeelding-2023-08-04-om-20.47.28-300x149.png 300w, https:\/\/chaletaanhetwater.com\/wp-content\/uploads\/2023\/08\/schermc2adafbeelding-2023-08-04-om-20.47.28-1024x509.png 1024w, https:\/\/chaletaanhetwater.com\/wp-content\/uploads\/2023\/08\/schermc2adafbeelding-2023-08-04-om-20.47.28-768x382.png 768w, https:\/\/chaletaanhetwater.com\/wp-content\/uploads\/2023\/08\/schermc2adafbeelding-2023-08-04-om-20.47.28-1536x764.png 1536w, https:\/\/chaletaanhetwater.com\/wp-content\/uploads\/2023\/08\/schermc2adafbeelding-2023-08-04-om-20.47.28-2048x1019.png 2048w\" sizes=\"auto, (max-width: 2698px) 100vw, 2698px\" \/><\/figure>\n\n\n\n<div class=\"wp-block-group alignwide has-global-padding is-content-justification-right is-layout-constrained wp-container-core-group-is-layout-f1f2ed93 wp-block-group-is-layout-constrained\">\n<div class=\"wp-block-buttons is-layout-flex wp-block-buttons-is-layout-flex\">\n<div class=\"wp-block-button\"><a class=\"wp-block-button__link wp-element-button\" href=\"https:\/\/www.vdbholiday.com\/nl\/recreatie\/strandparc-nulde\/accommodaties\/verhuuraccommodaties\/6-persoons-beach-house\" target=\"_blank\" rel=\"noreferrer noopener\">hier buchen<\/a><\/div>\n<\/div>\n<\/div>\n<\/div>\n","protected":false},"excerpt":{"rendered":"<p>Unser Luxus-Chalet liegt direkt am Wasser und ist komplett ausgestattet. Hier k\u00f6nnen Sie Wassersportarten wie surfen, schwimmen und segeln aus\u00fcben. Entdecken Sie die Gegend mit dem Fahrrad oder machen Sie einen Spaziergang im Wald oder auf der Heide. Zu jeder Jahreszeit ist es hier wundersch\u00f6n und es gibt viel zu sehen und zu erleben. Das [&hellip;]<\/p>\n","protected":false},"author":1,"featured_media":0,"parent":0,"menu_order":0,"comment_status":"closed","ping_status":"closed","template":"","meta":{"footnotes":""},"class_list":["post-29","page","type-page","status-publish","hentry"],"aioseo_notices":[],"jetpack_sharing_enabled":true,"_links":{"self":[{"href":"https:\/\/chaletaanhetwater.com\/index.php?rest_route=\/wp\/v2\/pages\/29","targetHints":{"allow":["GET"]}}],"collection":[{"href":"https:\/\/chaletaanhetwater.com\/index.php?rest_route=\/wp\/v2\/pages"}],"about":[{"href":"https:\/\/chaletaanhetwater.com\/index.php?rest_route=\/wp\/v2\/types\/page"}],"author":[{"embeddable":true,"href":"https:\/\/chaletaanhetwater.com\/index.php?rest_route=\/wp\/v2\/users\/1"}],"replies":[{"embeddable":true,"href":"https:\/\/chaletaanhetwater.com\/index.php?rest_route=%2Fwp%2Fv2%2Fcomments&post=29"}],"version-history":[{"count":7,"href":"https:\/\/chaletaanhetwater.com\/index.php?rest_route=\/wp\/v2\/pages\/29\/revisions"}],"predecessor-version":[{"id":304,"href":"https:\/\/chaletaanhetwater.com\/index.php?rest_route=\/wp\/v2\/pages\/29\/revisions\/304"}],"wp:attachment":[{"href":"https:\/\/chaletaanhetwater.com\/index.php?rest_route=%2Fwp%2Fv2%2Fmedia&parent=29"}],"curies":[{"name":"wp","href":"https:\/\/api.w.org\/{rel}","templated":true}]}}